.
35
What is the remainder when 294 is divided by 14?
0
What is the remainder when 151 is divided by 33?
19
What is the remainder when 306 is divided by 219?
87
What is the remainder when 2 is divided by 1?
0
Calculate the remainder when 465 is divided by 6.
3
What is the remainder when 1648 is divided by 241?
202
Calculate the remainder when 6747 is divided by 75.
72
What is the remainder when 443 is divided by 116?
95
What is the remainder when 632 is divided by 23?
11
What is the remainder when 1130 is divided by 29?
28
Calculate the remainder when 504 is divided by 30.
24
What is the remainder when 235 is divided by 46?
5
What is the remainder when 1540 is divided by 32?
4
What is the remainder when 398 is divided by 20?
18
What is the remainder when 497 is divided by 123?
5
Calculate the remainder when 29 is divided by 16.
13
Calculate the remainder when 177 is divided by 48.
33
Calculate the remainder when 246 is divided by 68.
42
Calculate the remainder when 813 is divided by 4.
1
Calculate the remainder when 4153 is divided by 27.
22
What is the remainder when 179 is divided by 48?
35
What is the remainder when 85 is divided by 19?
9
Calculate the remainder when 499 is divided by 108.
67
Calculate the remainder when 7 is divided by 3.
1
What is the remainder when 8 is divided by 7?
1
What is the remainder when 971 is divided by 36?
35
What is the remainder when 152 is divided by 53?
46
Calculate the remainder when 142 is divided by 43.
13
What is the remainder when 929 is divided by 235?
224
What is the remainder when 171 is divided by 15?
6
Calculate the remainder when 241 is divided by 62.
55
What is the remainder when 1042 is divided by 1029?
13
Calculate the remainder when 646 is divided by 118.
56
What is the remainder when 404 is divided by 17?
13
Calculate the remainder when 447 is divided by 60.
27
What is the remainder when 1469 is divided by 92?
89
What is the remainder when 146 is divided by 19?
13
Calculate the remainder when 3749 is divided by 30.
29
What is the remainder when 230 is divided by 74?
8
Calculate the remainder when 1093 is divided by 44.
37
Calculate the remainder when 275 is divided by 266.
9
What is the remainder when 9632 is divided by 292?
288
What is the remainder when 2842 is divided by 6?
4
Calculate the remainder when 13885 is divided by 124.
121
What is the remainder when 200 is divided by 37?
15
Calculate the remainder when 736 is divided by 192.
160
Calculate the remainder when 13 is divided by 3.
1
Calculate the remainder when 292 is divided by 17.
3
Calculate the remainder when 8709 is divided by 130.
129
Calculate the remainder when 1065 is divided by 29.
21
What is the remainder when 1029 is divided by 86?
83
Calculate the remainder when 310 is divided by 53.
45
What is the remainder when 713 is divided by 108?
65
What is the remainder when 518 is divided by 65?
63
Calculate the remainder when 11967 is divided by 14.
11
Calculate the remainder when 2106 is divided by 34.
32
What is the remainder when 1266 is divided by 75?
66
Calculate the remainder when 351 is divided by 184.
167
What is the remainder when 78180 is divided by 63?
60
What is the remainder when 279 is divided by 27?
9
Calculate the remainder when 571 is divided by 21.
4
What is the remainder when 142 is divided by 12?
10
What is the remainder when 8551 is divided by 94?
91
Calculate the remainder when 576 is divided by 83.
78
What is the remainder when 1491 is divided by 65?
61
What is the remainder when 924 is divided by 130?
14
What is the remainder when 636 is divided by 80?
76
What is the remainder when 210 is divided by 13?
2
Calculate the remainder when 1000 is divided by 17.
14
Calculate the remainder when 1824 is divided by 57.
0
What is the remainder when 3325 is divided by 71?
59
Calculate the remainder when 891 is divided by 22.
11
Calculate the remainder when 204 is divided by 3.
0
Calculate the remainder when 314 is divided by 7.
6
Calculate the remainder when 1136 is divided by 17.
14
What is the remainder when 370 is divided by 76?
66
What is the remainder when 5842 is divided by 8?
2
What is the remainder when 688 is divided by 71?
49
Calculate the remainder when 391 is divided by 93.
19
Calculate the remainder when 173 is divided by 53.
14
What is the remainder when 39 is divided by 6?
3
Calculate the remainder when 194 is divided by 182.
12
What is the remainder when 4229 is divided by 92?
89
Calculate the remainder when 52 is divided by 14.
10
Calculate the remainder when 163 is divided by 56.
51
Calculate the remainder when 54 is divided by 28.
26
What is the remainder when 10143 is divided by 38?
35
What is the remainder when 1145 is divided by 289?
278
Calculate the remainder when 150 is divided by 20.
10
Calculate the remainder when 147 is divided by 49.
0
What is the remainder when 1916 is divided by 9?
8
Calculate the remainder when 5972 is divided by 57.
44
What is the remainder when 41 is divided by 17?
7
What is the remainder when 9371 is divided by 71?
70
What is the remainder when 308 is divided by 153?
2
What is the remainder when 122 is divided by 50?
22
What is the remainder when 229 is divided by 116?
113
Calculate the remainder when 351 is divided by 167.
17
What is the remainder when 458 is divided by 9?
8
Calculate the remainder when 156 is divided by 53.
50
What is the remainder when 3772 is divided by 14?
6
Calculate the remainder when 119 is divided by 53.
13
What is the remainder when 85 is divided by 35?
15
Calculate the remainder when 161 is divided by 30.
11
Calculate the remainder when 93 is divided by 46.
1
Calculate the remainder when 576 is divided by 20.
16
Calculate the remainder when 182 is divided by 24.
14
Calculate the remainder when 24701 is divided by 7.
5
What is the remainder when 123 is divided by 16?
11
What is the remainder when 1246 is divided by 74?
62
What is the remainder when 725 is divided by 80?
5
What is the remainder when 15675 is divided by 201?
198
What is the remainder when 280 is divided by 24?
16
Calculate the remainder when 5843 is divided by 19.
10
Calculate the remainder when 618 is divided by 9.
6
What is the remainder when 9 is divided by 1?
0
What is the remainder when 6221 is divided by 16?
13
Calculate the remainder when 111 is divided by 16.
15
What is the remainder when 103 is divided by 34?
1
What is the remainder when 351 is divided by 92?
75
Calculate the remainder when 341 is divided by 45.
26
What is the remainder when 4826 is divided by 53?
3
What is the remainder when 1564 is divided by 4?
0
Calculate the remainder when 38 is divided by 10.
8
What is the remainder when 287 is divided by 130?
27
What is the remainder when 66 is divided by 18?
12
Calculate the remainder when 4182 is divided by 55.
2
What is the remainder when 310 is divided by 3?
1
Calculate the remainder when 14167 is divided by 161.
160
What is the remainder when 334 is divided by 27?
10
Calculate the remainder when 34589 is divided by 16.
13
What is the remainder when 622 is divided by 13?
11
Calculate the remainder when 40 is divided by 18.
4
What is the remainder when 85 is divided by 51?
34
Calculate the remainder when 701 is divided by 225.
26
What is the remainder when 137 is divided by 47?
43
What is the remainder when 1308 is divided by 19?
16
What is the remainder when 3049 is divided by 113?
111
What is the remainder when 74 is divided by 36?
2
What is the remainder when 51 is divided by 46?
5
Calculate the remainder when 7457 is divided by 7.
2
What is the remainder when 73 is divided by 42?
31
What is the remainder when 587 is divided by 144?
11
Calculate the remainder when 336 is divided by 116.
104
Calculate the remainder when 847 is divided by 37.
33
Calculate the remainder when 247 is divided by 52.
39
What is the remainder when 88 is divided by 13?
10
What is the remainder when 21806 is divided by 58?
56
What is the remainder when 3295 is divided by 7?
5
Calculate the remainder when 226 is divided by 27.
10
What is the remainder when 190 is divided by 48?
46
Calculate the remainder when 117 is divided by 24.
21
Calculate the remainder when 318 is divided by 11.
10
Calculate the remainder when 193 is divided by 106.
87
What is the remainder when 123 i